?
3, 7, 404189
What are the prime factors of 3219223340?
2, 5, 160961167
What are the prime factors of 499742403?
3, 179, 930619
List the prime factors of 274662162.
2, 3, 1693, 9013
List the prime factors of 936518411.
193, 4852427
What are the prime factors of 697815597?
3, 37, 59, 127, 839
What are the prime factors of 682027091?
977, 698083
List the prime factors of 501322864.
2, 7, 1523, 2939
What are the prime factors of 79542748?
2, 37, 137, 3923
What are the prime factors of 963241147?
11, 2293, 38189
What are the prime factors of 276749601?
3, 92249867
What are the prime factors of 63674992?
2, 31, 128377
What are the prime factors of 838622050?
2, 5, 7, 2396063
What are the prime factors of 10289203?
19, 541537
What are the prime factors of 167875822?
2, 47, 1785913
What are the prime factors of 20028943?
11, 1820813
What are the prime factors of 4961709310?
2, 5, 211, 239, 9839
What are the prime factors of 3186708769?
17, 269, 696853
List the prime factors of 643178136.
2, 3, 17, 1576417
List the prime factors of 4354792595.
5, 870958519
What are the prime factors of 31638868?
2, 59, 79, 1697
List the prime factors of 3207681378.
2, 3, 11, 5400137
What are the prime factors of 93820912?
2, 5863807
What are the prime factors of 769465397?
283, 2718959
What are the prime factors of 18575031?
3, 6191677
What are the prime factors of 1305184870?
2, 5, 11, 149, 79633
What are the prime factors of 433324236?
2, 3, 61, 591973
What are the prime factors of 19709758?
2, 23, 428473
What are the prime factors of 55826019?
3, 6202891
What are the prime factors of 93881134?
2, 83, 565549
What are the prime factors of 1261576?
2, 31, 5087
What are the prime factors of 6202331617?
233, 571, 46619
List the prime factors of 906822983.
11, 1097, 75149
What are the prime factors of 1680951838?
2, 71, 2083, 5683
List the prime factors of 7582235283.
3, 7, 13372549
List the prime factors of 481248678.
2, 3, 29, 2765797
What are the prime factors of 534632715?
3, 5, 491, 24197
List the prime factors of 187055538.
2, 3, 31175923
List the prime factors of 57286992.
2, 3, 7, 170497
What are the prime factors of 901604744?
2, 31, 1549, 2347
List the prime factors of 98317487.
98317487
What are the prime factors of 67066333?
19, 3529807
What are the prime factors of 819343635?
3, 5, 11, 41039
What are the prime factors of 13284283?
13284283
List the prime factors of 198599096.
2, 19, 68767
What are the prime factors of 1877705286?
2, 3, 19, 109, 137, 1103
What are the prime factors of 2286683414?
2, 23, 59, 842551
List the prime factors of 82384651.
157, 524743
List the prime factors of 134921461.
134921461
List the prime factors of 3520022510.
2, 5, 479, 734869
List the prime factors of 421474575.
3, 5, 1579, 3559
List the prime factors of 1646871128.
2, 7, 71, 414203
List the prime factors of 326653443.
3, 36294827
What are the prime factors of 246788411?
131, 1883881
What are the prime factors of 208147602?
2, 3, 13, 2668559
What are the prime factors of 266008797?
3, 19, 1555607
List the prime factors of 68341566.
2, 3, 11390261
What are the prime factors of 514954209?
3, 7, 11, 2229239
What are the prime factors of 4732815652?
2, 1183203913
List the prime factors of 513129129.
3, 171043043
What are the prime factors of 8484408?
2, 3, 117839
List the prime factors of 115931909.
31, 67, 55817
What are the prime factors of 101317882?
2, 50658941
What are the prime factors of 62838904?
2, 7854863
What are the prime factors of 1622883295?
5, 11, 4363, 6763
List the prime factors of 25912718.
2, 13, 29, 34367
What are the prime factors of 10890861?
3, 79, 45953
List the prime factors of 221247613.
221247613
List the prime factors of 219048540.
2, 3, 5, 3650809
List the prime factors of 19024238.
2, 73, 130303
What are the prime factors of 26796254?
2, 3137, 4271
What are the prime factors of 68593119?
3, 7, 3266339
List the prime factors of 60841745.
5, 41, 449, 661
List the prime factors of 354424493.
354424493
List the prime factors of 3520441034.
2, 11, 31, 469267
List the prime factors of 22061191.
71, 310721
List the prime factors of 160145678.
2, 7, 11, 17, 67, 83
List the prime factors of 117418075.
5, 4696723
List the prime factors of 26349952.
2, 139, 1481
What are the prime factors of 281601284?
2, 41, 1717081
List the prime factors of 269461902.
2, 3, 2269, 19793
List the prime factors of 5336451348.
2, 3, 18617, 23887
List the prime factors of 3908716433.
3908716433
What are the prime factors of 1023784347?
3, 341261449
What are the prime factors of 980388304?
2, 7, 43, 203569
What are the prime factors of 1109799029?
41, 163, 166063
List the prime factors of 39789275.
5, 31, 51341
What are the prime factors of 398399239?
7, 19, 37, 4261
List the prime factors of 1349697811.
7, 11, 3529, 4967
List the prime factors of 1633753237.
641, 2548757
List the prime factors of 52679972.
2, 307, 42899
What are the prime factors of 202472290?
2, 5, 127, 131, 1217
What are the prime factors of 437859646?
2, 7, 31275689
What are the prime factors of 940731508?
2, 47, 61, 82031
List the prime factors of 1149215490.
2, 3, 5, 67, 190583
List the prime factors of 5093960172.
2, 3, 7, 17, 59, 103, 587
What are the prime factors of 116834351?
599, 195049
List the prime factors of 418771982.
2, 17, 724519
List the prime factors of 102607149.
3, 991, 34513
List the prime factors of 101591016.
2, 3, 1373, 3083
List the prime factors of 138804682.
2, 73, 950717
List the prime factors of 34090826.
2, 7, 11, 19, 61, 191
List the prime factors of 144009278.
2, 7, 17, 35593
What are the prime factors of 34080873?
3, 31, 366461
List the prime factors of 231563677.
1051, 220327
List the prime factors of 51218950.
2, 5, 1024379
What are the prime factors of 1901233709?
17, 1021, 109537
List the prime factors of 192317688.
2, 3, 1291, 2069
List the prime factors of 102318189.
3, 17, 2006239
What are the prime factors of 242832462?
2, 3, 151, 433, 619
List the prime factors of 61974314.
2, 19, 85837
What are the prime factors of 6651333?
3, 13, 4373
List the prime factors of 13096669.
919, 14251
What are the prime factors of 164322694?
2, 43, 1910729
What are the prime factors of 3814358679?
3, 423817631
List the prime factors of 107434148.
2, 131, 421, 487
List the prime factors of 3061158432.
2, 3, 31887067
What are the prime factors of 934182741?
3, 293, 1062779
List the prime factors of 2422972525.
5, 96918901
What are the prime factors of 969732419?
151, 487, 13187
What are the prime factors of 488081200?
2, 5, 1220203
What are the prime factors of 1795146848?
2, 11, 5099849
List the prime factors of 1069029468.
2, 3, 13, 761417
List the prime factors of 124077190.
2, 5, 31, 400249
List the prime factors of 193282959.
3, 64427653
List the prime factors of 104959148.
2, 7, 3748541
What are the prime factors of 1961408222?
2, 157, 6246523
List the prime factors of 140154283.
1439, 97397
List the prime factors of 989761372.
2, 173, 1430291
List the prime factors of 81359667.
3, 3013321
List the prime factors of 33210662.
2, 16605331
What are the prime factors of 599046003?
3, 19, 1167731
What are the prime factors of 2708793482?
2, 19, 97, 734887
What are the prime factors of 63114025?
5, 13, 194197
What are the prime factors of 46267662?
2, 3, 7, 241, 653
List the prime factors of 651918761.
13, 50147597
List the prime factors of 23638753.
23638753
What are the prime factors of 219749597?
269, 563, 1451
What are the prime factors of 877636958?
2, 11, 173, 20963
List the prime factors of 18928491.
3, 6309497
List the prime factors of 922824768.
2, 3, 23, 67, 3119
List the prime factors of 724724294.
2, 7, 83, 397, 1571
List the prime factors of 132885107.
17, 19, 411409
What are the prime factors of 180363008?
2, 7, 100649
What are the prime factors of 1977380267?
41, 48228787
List the prime factors of 63773287.
63773287
List the prime factors of 694503.
3, 77167
What are the prime factors of 4066204858?
2, 19, 157, 681563
List the prime factors of 3241405.
5, 113, 5737
What are the prime factors of 1181414441?
29, 40738429
List the prime factors of 54018734.
2, 7, 11, 350771
List the prime factors of 3038309416.
2, 1871, 202987
What are the prime factors of 22085768?
2, 